l be (12/30)/(-2*(-3)/330). Let y(m) = -m**3 + 21*m**2 + 28*m - 4. What is the tens digit of y(l)?
2
Let l(o) = 78*o**3 - 7*o**2 + o - 8. What is the hundreds digit of l(3)?
0
Suppose 684*t - 12951 = 675*t. What is the thousands digit of t?
1
Let d(k) = -k**2 + 30*k - 11. Let y(q) = q**3 - 22*q**2 + q + 7. Let c be y(22). What is the units digit of d(c)?
8
Suppose -3*c = -13*w + 17*w - 1151, 2*c = 4*w + 734. What is the units digit of c?
7
Let j(c) = -2*c**3 + 7*c**2 + c + 11. What is the thousands digit of j(-8)?
1
Let h = 16 + -14. Suppose 5*b - 81 = h*b. What is the tens digit of b?
2
Let q = 1017 - -328. What is the tens digit of q?
4
Let m(h) = 3*h - 5. Let c be m(2). Let s = -1 + c. Suppose s = -6*k - 0 + 60. What is the units digit of k?
0
Let y = 836 - 454. What is the tens digit of y?
8
Let s = 1158 + -216. What is the hundreds digit of s?
9
Suppose -4*r - 269 = -2277. What is the hundreds digit of r?
5
Let d(f) = -f - 6. Let z be d(0). Let t be 9/5 - z/30. Suppose 5*v = t*v + 111. What is the units digit of v?
7
Suppose -3*c + 0*p - 3*p = -3462, 0 = 4*c + 3*p - 4612. What is the tens digit of c?
5
What is the tens digit of 226468/572 + 2/26?
9
Suppose 5*h = -2*b + 44, 5*b + 0*h = -2*h + 110. What is the tens digit of b?
2
Let m be 264/(-16) + (-6)/(-4). Let f = m + 23. Suppose 152 = 12*n - f*n. What is the tens digit of n?
3
Let p = -5 - -6. Let v be (-6)/(2*p/2). What is the units digit of (-2)/(-12) + (-35)/v?
6
What is the thousands digit of (136 - -1116) + -2*3?
1
Suppose m = 3*r + 139, 16*m = 13*m + 2*r + 445. What is the units digit of m?
1
Let j = 27 - 22. Suppose -c + j*c - 148 = 0. What is the tens digit of c?
3
What is the units digit of (1 - (0 + 1)) + 25897/29?
3
Let n(j) be the second derivative of j**5/20 - j**4/3 - 2*j**3/3 + 2*j**2 + 5*j. Let d be n(4). Let v = d - -22. What is the tens digit of v?
1
What is the units digit of (0 + -76)/((-12)/90)?
0
Let s = -27 + 8. What is the units digit of ((-1)/1)/(s/1159)?
1
Let f(y) = 931*y + 214. What is the tens digit of f(4)?
3
Suppose 0 = y + 4*z + 70, -2*y + z = -y + 80. Let r = y + 166. What is the tens digit of r?
8
What is the thousands digit of (5/2 - 1)*5574/3?
2
Suppose 10*y + 4656 = 22*y. What is the units digit of y?
8
Let u = -87 - -988. What is the tens digit of u?
0
Let r(a) = -a**2 + 4*a + 253. What is the units digit of r(0)?
3
Suppose -293*m + 291*m = -3*q + 5104, 3*q - 3*m = 5106. What is the thousands digit of q?
1
Let n(q) = -q**2 + 5*q - 2. Let m be n(4). Let o be (11/22)/(m/164). Let a = o - -2. What is the tens digit of a?
4
Let o = 346 - -2232. What is the units digit of o?
8
Let p(u) be the third derivative of -3*u**4/8 - u**3/2 + u**2. Let q be p(-4). Suppose 3*n + q = 6*n. What is the tens digit of n?
1
Let x(w) = -w - 4. Let a be x(-7). Suppose 5*q + 3*m = -102, -a*q + 3*m - 66 = -0*m. What is the units digit of 14/q*3*-6?
2
Let t(w) = w**3 - w**2 - w - 1. Let u(s) = -6*s**3 - s**2 + s - 3. Let x(b) = 2*t(b) - u(b). What is the tens digit of x(2)?
5
Suppose -4*z - 5 = -9*z. Let d be (204/(-9))/(1/3). What is the units digit of z/(-3) - d/6?
1
Suppose -59 + 3 = -7*d. What is the hundreds digit of d/36 - 9280/(-36)?
2
Suppose -l + 0 = -1. Let o be l/(-3 - 67/(-22)). What is the units digit of 3 + 3/(-1) + o?
2
Let y = 6 + -8. Let u be 8*2*12/12. Let f = u + y. What is the tens digit of f?
1
Suppose 2*f - 4556 = 4*n, -9112 = -2*f - 2*f - 4*n. What is the tens digit of f?
7
Suppose -6*o = -3*o - 9. Let w be 0 - o*(-4)/(-12). What is the units digit of w*(-12)/(2 - 1)?
2
Suppose -4*y + 21 + 163 = 0. Let w = 82 - y. What is the units digit of w?
6
Suppose 5*k - 5*o - 20 = 0, -50 = -4*k - k - o. Suppose 3*m - k*m + 294 = 0. What is the tens digit of m?
4
Suppose -20*h = -21*h. What is the units digit of 72/(-18)*(-1 + h) + 182?
6
What is the tens digit of ((-48132)/(-630))/(1/5)?
8
Let g be (-186)/15*20/(-8). Suppose -g*a + 130 = -26*a. What is the tens digit of a?
2
Let v = 35 + 1. Let b = 38 - v. What is the units digit of b?
2
Suppose 5*y + 0*y = 15. Suppose -y*h + 4*h - 144 = 0. What is the units digit of h?
4
Let i(v) = 15*v - 132. What is the tens digit of i(30)?
1
Let v = 68 - 221. Let n = 80 - v. What is the tens digit of n?
3
What is the units digit of (102 - -334) + -4*1 + -1?
1
Suppose -5*x - 464 + 2379 = 0. What is the hundreds digit of x?
3
Let n(z) = 3*z**2 + 7*z - 3. Let c(u) = -u**2 + u - 1. Let q(j) = 2*c(j) + n(j). Let h be q(-10). Suppose -h*t + 388 = 13. What is the units digit of t?
5
Let o(j) = 2*j**2 + 12*j + 3. Suppose -7*x - 45 = -2*x. What is the tens digit of o(x)?
5
What is the units digit of 2442 + (-2)/((-4)/4)?
4
Let c be (-2*12/8 - 35) + 1. Let x = 156 + c. What is the hundreds digit of x?
1
Let k(q) = -q + 2. Let o be k(-5). Suppose a = -r + 5*r - o, -3*r - 6 = 3*a. What is the tens digit of a + 2 + 0 + 27?
2
Let k = 25 - 23. Suppose 2*x - 6*u + 6 = -2*u, -k*u = 2*x - 24. Suppose r - x - 24 = 0. What is the tens digit of r?
3
Suppose 35*u - 41*u = -10854. What is the thousands digit of u?
1
Let b = -21 - -26. Suppose -3*s + 2*s = b*h - 104, 0 = 4*s - h - 437. What is the tens digit of s?
0
Let x = -5 - -5. Let r(h) = -2*h - 2. Let f be r(-2). Suppose x = s + 1, j + s + f*s = 24. What is the tens digit of j?
2
Let s = -26 - -29. Suppose 2*i = -0*i - u + 25, 33 = 3*i - s*u. What is the units digit of i?
2
Let q = 9 - 7. Suppose 12 - 14 = -q*y. What is the units digit of 31 + 7 - (y - 0)?
7
Let a = -36 + 64. What is the hundreds digit of (-8)/(-28) - (-2792)/a?
1
Suppose -c = -51 - 1595. What is the tens digit of c?
4
What is the hundreds digit of (5 + -3 - 8) + 19795/5?
9
Let m be 1/(6/(-4)*(-4)/(-696)). What is the units digit of (m/6)/(35/45 - 1)?
7
What is the tens digit of 1*449 + (-46 - -55)?
5
Let i(a) = -13*a + 19. Let s be i(-13). Let d = 375 - s. What is the units digit of d?
7
Let z(k) = k**3 - 4*k**2 - 2*k - 11. Let n be z(5). Suppose n*r + 0 = 24. Suppose t = r*t - 130. What is the units digit of t?
6
Suppose 5*s = -2*p + 842, -3*s + 3*p + 669 = s. What is the units digit of s?
8
Let l(p) = 23*p. Let n(m) = -m**2 - 12*m - 7. Let s be n(-11). What is the units digit of l(s)?
2
Let p(j) = j + 851. What is the hundreds digit of p(0)?
8
Let q = -194 + 110. What is the units digit of 24/q + (-1866)/(-14) + 0?
3
Let t(j) = -j**2 - 9*j + 15. Let q be t(-11). Let c(d) = -9*d + 58. What is the hundreds digit of c(q)?
1
Let i(r) = 368*r**2 + 15*r - 7. What is the thousands digit of i(3)?
3
Suppose 2*j - 35 = -17. Suppose -j*v + 14*v = 305. What is the tens digit of v?
6
Suppose -8 = -4*i - 0*i. Let j(b) = -2*b**3 - 5 + 6*b + 4*b + 7*b**3 - 14*b + 7*b. What is the units digit of j(i)?
1
Suppose j - 255 = 6*j. Let l be 192/2 + 4 + -8 + -4. Let h = j + l. What is the tens digit of h?
3
Let y(v) = -v**3 - v**2 - 3. Let i be y(-2). What is the units digit of i/((-2)/(-46)*1)?
3
Suppose 4*g + 2*n = -50, 3*g - 3*n + 36 + 24 = 0. What is the units digit of ((-4)/(-5))/((-6)/g)?
2
Suppose 8*z - 25 = 3*z. Let w(i) = 8 - i**3 + 2*i - 7*i**2 - z + 1 + 1. What is the units digit of w(-8)?
3
Let u(y) = -3*y**3 - 2*y**2 + 4*y - 17. Let j(a) = -4*a**3 - 3*a**2 + 5*a - 18. Let c(k) = 5*j(k) - 6*u(k). What is the tens digit of c(-4)?
8
Suppose 0 = 5*n + j + 5, -n - 2*n + 4*j = -20. Let o(s) = s + 14. What is the units digit of o(n)?
4
What is the thousands digit of (-3836)/((-4)/14 + 96/(-56))?
1
Let y(r) = -r**2 - 20*r + 11. Let s be y(-19). Let p = 151 - s. What is the hundreds digit of p?
1
Let k = 2 + 9. Let b(c) = 3*c - 26. Let v be b(k). Suppose v*z - 375 = -116. What is the units digit of z?
7
Suppose -5*c + 3*z + 4755 = 0, 3*c - 4479 = -z - 1626. What is the hundreds digit of c?
9
Let u(d) = -3*d - 7. Let s be u(-4). Suppose 3*n - n + 12 = 5*w, 3*w - s*n - 11 = 0. Suppose -57 = -w*c + 3. What is the units digit of c?
0
Let c(n) = 7*n - 60. Let h be c(9). Let s be (5 - 1) + (0 - 2). Suppose z - h*r = s*r - 6, -z = 4*r - 21. What is the units digit of z?
9
Let r(l) be the second derivative of l**3/3 + 9*l**2/2 + 2*l. Let b be r(5). What is the tens digit of (-1 + b)/((-9)/(-12))?
2
Suppose 2*j = f + 5, 3*f - 8*f + 23 = 2*j. Suppose f*w = w + 42. Let z = w - 12. What is the units digit of z?
9
Suppose -2*h + 0*h + 132 = 0. Let z =